 in base 13?
1
23 (base 11) to base 7
34
-20b (base 13) to base 12
-251
33 (base 5) to base 12
16
0 (base 12) to base 5
0
81 (base 10) to base 7
144
What is -22 (base 4) in base 14?
-a
Convert 8 (base 14) to base 6.
12
135 (base 6) to base 9
65
-1 (base 15) to base 14
-1
Convert -10 (base 2) to base 12.
-2
What is 37 (base 8) in base 6?
51
-17 (base 9) to base 15
-11
10102 (base 3) to base 6
232
Convert 3 (base 10) to base 12.
3
Convert -13 (base 8) to base 5.
-21
-11 (base 2) to base 10
-3
Convert 4 (base 15) to base 4.
10
Convert -1020 (base 3) to base 8.
-41
Convert 2 (base 4) to base 14.
2
What is -1 (base 13) in base 15?
-1
What is -a (base 16) in base 13?
-a
1 (base 11) to base 15
1
Convert -15 (base 9) to base 11.
-13
Convert 3 (base 4) to base 6.
3
What is -74 (base 16) in base 2?
-1110100
What is -3 (base 6) in base 10?
-3
-a (base 12) to base 11
-a
What is 3 (base 12) in base 6?
3
Convert 0 (base 14) to base 16.
0
Convert -101001 (base 3) to base 10.
-271
10023 (base 4) to base 6
1123
What is 0 (base 11) in base 4?
0
Convert 18 (base 10) to base 4.
102
What is -4 (base 14) in base 5?
-4
-4 (base 10) to base 11
-4
-10 (base 6) to base 9
-6
520 (base 6) to base 14
da
Convert 101101 (base 2) to base 4.
231
-2 (base 15) to base 12
-2
What is 4 (base 16) in base 9?
4
20 (base 4) to base 6
12
Convert 6 (base 16) to base 5.
11
What is -1 (base 4) in base 10?
-1
Convert 1 (base 2) to base 13.
1
0 (base 2) to base 7
0
What is -2132 (base 4) in base 2?
-10011110
Convert 12 (base 4) to base 11.
6
Convert -60 (base 7) to base 15.
-2c
What is -3 (base 8) in base 12?
-3
Convert -10010 (base 3) to base 6.
-220
0 (base 10) to base 4
0
Convert -111000 (base 2) to base 3.
-2002
Convert 11212 (base 3) to base 2.
10000011
101101 (base 2) to base 8
55
Convert 30 (base 5) to base 4.
33
-231 (base 6) to base 16
-5b
Convert -3 (base 14) to base 16.
-3
What is -2 (base 16) in base 5?
-2
What is -364 (base 7) in base 11?
-166
-2e (base 16) to base 7
-64
What is 5 (base 6) in base 14?
5
-2100 (base 4) to base 6
-400
1322 (base 4) to base 2
1111010
Convert -15 (base 7) to base 11.
-11
-403 (base 5) to base 9
-124
Convert 5 (base 8) to base 2.
101
35 (base 14) to base 10
47
What is 1 (base 16) in base 2?
1
-220 (base 6) to base 12
-70
Convert -5 (base 11) to base 3.
-12
What is cb (base 14) in base 16?
b3
-10022 (base 3) to base 9
-108
What is -101 (base 2) in base 8?
-5
What is 6 (base 8) in base 3?
20
What is -21 (base 6) in base 8?
-15
Convert b (base 16) to base 12.
b
What is -14 (base 9) in base 7?
-16
Convert 3 (base 6) to base 15.
3
Convert 0 (base 5) to base 12.
0
4 (base 13) to base 3
11
Convert 7 (base 8) to base 13.
7
174 (base 14) to base 7
604
What is 343 (base 5) in base 8?
142
Convert 1000110 (base 2) to base 9.
77
Convert -28 (base 9) to base 5.
-101
Convert 32 (base 14) to base 12.
38
What is -366 (base 8) in base 9?
-303
3 (base 8) to base 2
11
What is 10111 (base 2) in base 12?
1b
Convert 7c (base 15) to base 6.
313
Convert -4 (base 6) to base 10.
-4
What is -26 (base 10) in base 13?
-20
Convert 3 (base 8) to base 10.
3
What is -5 (base 8) in base 10?
-5
0 (base 2) to base 3
0
What is 23 (base 6) in base 14?
11
Convert 240 (base 5) to base 8.
106
11 (base 7) to base 13
8
What is -ba (base 13) in base 10?
-153
-8 (base 11) to base 6
-12
What is -3 (base 10) in base 12?
-3
-a (base 13) to base 4
-22
1022 (base 3) to base 16
23
-2b (base 14) to base 10
-39
What is -2 (base 16) in base 5?
-2
Convert -14 (base 6) to base 9.
-11
What is 24 (base 13) in base 5?
110
-18 (base 10) to base 3
-200
Convert 2 (base 15) to base 13.
2
What is 10 (base 11) in base 13?
b
What is -100 (base 2) in base 8?
-4
What is 53 (base 6) in base 10?
33
Convert -3 (base 12) to base 3.
-10
What is c3 (base 15) in base 7?
351
Convert 0 (base 3) to base 9.
0
Convert 0 (base 15) to base 10.
0
4 (base 15) to base 3
11
-47 (base 8) to base 6
-103
What is 2 (base 7) in base 13?
2
What is 110110 (base 2) in base 8?
66
Convert 1 (base 12) to base 10.
1
1d (base 15) to base 14
20
Convert 4b (base 16) to base 8.
113
What is 26 (base 12) in base 15?
20
-64 (base 14) to base 13
-6a
Convert 34 (base 11) to base 9.
41
306 (base 9) to base 11
207
-4 (base 11) to base 3
-11
What is -22 (base 4) in base 12?
-a
What is 1 (base 7) in base 8?
1
cb (base 15) to base 14
d9
63 (base 7) to base 16
2d
What is -3 (base 11) in base 10?
-3
Convert -45 (base 10) to base 11.
-41
What is -26 (base 16) in base 7?
-53
-33 (base 7) to base 10
-24
What is -200 (base 5) in base 14?
-38
Convert -3c (base 14) to base 10.
-54
Convert 4f (base 16) to base 13.
61
What is 5 (base 10) in base 6?
5
7 (base 16) to base 8
7
Convert -1 (base 11) to base 6.
-1
Convert -9 (base 12) to base 7.
-12
11 (base 3) to base 9
4
Convert -1e (base 15) to base 5.
-104
-2 (base 12) to base 6
-2
What is 9 (base 13) in base 7?
12
-2 (base 5) to base 12
-2
8 (base 14) to base 8
10
What is -22 (base 6) in base 15?
-e
Convert 50 (base 10) to base 15.
35
-22 (base 9) to base 13
-17
-22 (base 11) to base 7
-33
3 (base 10) to base 6
3
Convert -65 (base 13) to base 7.
-146
Convert -2 (base 8) to base 3.
-2
Convert 4 (base 9) to base 4.
10
What is 15 (base 14) in base 15?
14
0 (base 12) to base 7
0
What is -1136 (base 7) in base 9?
-515
Convert 0 (base 12) to base 9.
0
What is 7 (base 13) in base 4?
13
Convert 32 (base 4) to base 6.
22
What is -2 (base 7) in base 8?
-2
Convert -3 (base 13) to base 5.
-3
Convert -11 (base 7) to base 14.
-8
-102 (base 9) to base 11
-76
What is 3 (base 4) in base 15?
3
Convert 310 (base 4) to base 5.
202
What is 52 (base 13) in base 15?
47
What is 231 (base 4) in base 2?
101101
What is -3 (base 15) in base 13?
-3
4 (base 14) to base 8
4
Convert -2 (base 13) to base 10.
-2
What is -2c (base 13) in base 6?
-102
What is -32 (base 6) in base 14?
-16
Convert -5 (base 15) to base 4.
-11
What is d (base 16) in base 14?
d
Convert -5 (base 12) to base 2.
-101
What is -182 (base 11) in base 16?
-d3
What is 33 (base 4) in base 3?
120
What is 0 (base 11) in base 15?
0
What is -1 (base 13) in base 9?
-1
Convert -3 (base 11) to base 3.
-10
401 (base 6) to base 9
171
-5 (base 7) to base 13
-5
Convert 0 (base 16) to base 5.
0
Convert -e9 (base 15) to base 16.
-db
Convert -2 (base 10) to base 11.
-2
-240 (base 6) to base 3
-10120
Convert 156 (base 7) to base 12.
76
Convert 10010 (base 2) to base 4.
102
Convert -24 (base 7) to base 11.
-17
Convert 2 (base 9) to base 6.
2
Convert 4 (base 15) to base 3.
11
What is -234 (base 6) in base 9?
-114
What is -11 (base 7) in base 13?
-8
What is 22 (base 4) in base 15?
a
-11 (base 6) to base 11
-7
What is -224 (base 8) in base 14?
-a8
What is -100011 (base 2) in base 8?
-43
Convert -23 (base 9) to base 6.
-33
What is -5 (base 13) in base 3?
-12
Convert -6 (base 13) to base 4.
-12
11 (base 8) to base 12
9
What is -94 (base 10) in base 7?
-163
Convert 0 (base 12) to base 2.
0
152 (base 7) to base 6
222
Convert 11 (base 10) to base 13.
b
What is 1 (base 15) in base 6?
1
38 (base 9) to base 15
25
Convert -27 (base 8) to base 10.
-23
What is 37 (base 11) in base 13?
31
-3 (base 13) to base 12
-3
2 (base 3) to base 5
2
-20 (base 4) to base 14
-8
Convert 0 (base 11) to base 16.
0
What is a (base 15) in base 7?
13
What is -2 (base 13) in base 2?
-10
What is 12 (base 14) in base 10?
16
20 (base 5) to base 9
11
1 (base 12) to base 4
1
What is -1 (base 11) in base 12?
-1
Convert 1 (base 7) to base 13.
1
-14 (base 5) to base 4
-21
-4 (base 11) to base 15
-4
-132 (base 5) to base 9
-46
101 (base 12) to base 9
171
What is 1 (base 15) in base 16?
1
Convert -11212 (base 3) to base 13.
-a1
Convert -33 (base 11) to base 16.
-24
What is 0 (base 3) in base 8?
0
What is -10 (base 14) in base 10?
-14
What is -186 (base 12) in base 3?
-100010
What is 0 (base 12) in base 9?
0
-b (base 12) to base 7
-14
5 (base 14) to base 16
5
What is -17e (base 16) in base 6?
-1434
What is -6 (base 11) in base 4?
-12
Convert 0 (base 16) to base 4.
0
Convert -35 (base 12) to base 13.
-32
Convert -3 (base 9) to base 2.
-11
What is 1 (base 15) in base 16?
1
What is -15 (base 8) in base 4?
-31
What is -2 (base 13) in base 3?
-2
Convert -9 (base 15) to base 14.
-9
What is 101002 (base 3) in base 16?
110
-12 (base 5) to base 13
-7
